et b(o) = -3*i(o) - v(o). Determine b(1).
-4
Let s(u) = -11 + 2*u - 36 + 65. What is s(-10)?
-2
Let t(p) = -p + 7. Let o(k) = k**2 + 28*k + 33. Let a be o(-27). Determine t(a).
1
Let p be 4/(-1) + (30 - 2). Let n = 21 - p. Let s(f) = f**2 + f + 1. Give s(n).
7
Suppose 0 = y + 3*y + 4*q - 8, -2*q + 11 = 3*y. Let j(c) = -2*c + 5. What is j(y)?
-9
Let g be ((-16)/(-6) - 4) + 8/6. Let x(u) = -u. Let i(m) = -m + 1. Let r(w) = -4*i(w) + 3*x(w). What is r(g)?
-4
Let t(l) be the third derivative of l**6/60 + l**5/20 - l**4/12 - 5*l**3/6 + 20*l**2 - 2. What is t(-2)?
-5
Suppose 0 = 3*t - 15*m + 11*m - 19, 5*t + 2*m + 3 = 0. Let n(r) = 6*r**3 - 2*r + 1. What is n(t)?
5
Let c(h) = 24*h - 18. Let x(a) = 6*a - 4. Let g(u) = -5*c(u) + 21*x(u). Give g(-2).
-6
Suppose 4*q - 3 = -3*h - 7, 0 = 3*h + 2*q - 4. Let m(s) = s + 8. Let v be m(-6). Let b(a) = -4 - 4*a - 1 + a**v + 4. Determine b(h).
-1
Let t be ((-23)/(-115))/((-1)/(-25)). Suppose -30*i + 35*i - t = 0. Let w(x) = 10*x - 1. What is w(i)?
9
Let r(h) = 6*h. Let d(c) = -c. Let v(y) = -9*d(y) - r(y). Let t be v(1). Suppose 1 = z + s - 4, z - t*s = -7. Let n(i) = 2*i - 1. What is n(z)?
3
Suppose 0 = x + u - 2, 0 = -3*x - 5*u + 5 - 1. Let v(d) = -16*d**2 - 18*d**2 + 33*d**2 + 1 + 3*d. What is v(x)?
1
Let t(u) be the first derivative of u**4/4 + 4*u**3/3 + 5*u**2/2 + 4*u + 1. Let r = -114 - -118. Suppose 0 = -2*m - 4*f - 6, f + 15 = -5*m + r*f. What is t(m)?
-2
Suppose o + 1 - 11 = 0. Let r(v) = -3*v - 5. Let q(z) = 5*z + 12. Let p(g) = 5*q(g) + 9*r(g). Determine p(o).
-5
Let u(d) be the third derivative of -d**2 - 51*d - 2/3*d**3 - 1/12*d**4 + 0. What is u(-5)?
6
Let y(q) = -q - 11. Let p(o) = o + 12. Suppose -4*n + 5*j + 0 - 8 = 0, 5*n - 3*j = -10. Let v(u) = n*y(u) - 3*p(u). Determine v(-6).
-8
Let u(b) be the second derivative of b**3/6 - b**2 - 2*b + 40. Give u(6).
4
Let s(c) = 2*c - 5. Let u(r) = -2*r + 7. Let k(z) = -5*s(z) - 4*u(z). Let x be 6 + 0/(-2 - -3). What is k(x)?
-15
Let d be 1/((1/(-5 - 2))/1). Let n(m) = -m**3 - 7*m**2 + 10. Determine n(d).
10
Let z(g) be the second derivative of g**5/20 + g**4/3 - g**3/2 - 3*g**2/2 - 463*g. Give z(-2).
11
Let q(a) = -a**3 + a**2 + a - 7. Let u(c) = -1 - 4*c**2 + 10 + 1 - 7*c**2 - c**3 - 9*c. Suppose 0 = 4*t + 20, 0 = j - 0*j - t + 5. Let f be u(j). Give q(f).
-7
Suppose 4*o - 26 = -5*v, v = -5*o + 10 + 12. Suppose -6 + v = x. Let a(p) = -4*p**3 + 2. Let k(y) = 11*y**3 - 7. Let q(u) = x*k(u) - 14*a(u). What is q(1)?
12
Let c be (-2 - (-10)/7)*-7. Suppose -c*y - 47 = -5*b, 2*y = 2*b - 0*y - 20. Let v(s) = -s - 11 + b + 10. Determine v(3).
3
Let i(o) be the second derivative of 1/20*o**5 + 0 + 50*o + 3/4*o**4 - 2*o**2 + 4/3*o**3. Calculate i(-8).
-4
Let k(t) = 4 - 1 + 4*t - t**2 + 0*t. Let o(l) = -l**3 + 27*l**2 - 25*l - 21. Suppose 3*s + 3*w - 66 = 0, 0 = -0*w + 2*w + 8. Let q be o(s). Calculate k(q).
-2
Let a(m) be the first derivative of m**4/6 - m**2/2 - 2*m + 10. Let r(k) be the first derivative of a(k). Let f(o) = 2*o + 2. Let i be f(-2). Calculate r(i).
7
Let z(p) = -p + 1. Let m(o) = -o + 3. Let v be (-1)/4 + (-15)/(-12). Let r(h) = v*m(h) - 2*z(h). Determine r(-5).
-4
Let c(y) = -6*y**2 + 50*y + 24. Let k(f) = f**2 - 10*f - 5. Let s(o) = 2*c(o) + 11*k(o). Let l be (-57)/9 - 2/3. Determine s(l).
14
Let x(f) = -2*f**2 - 9*f + 3. Let k(j) = -j**2 - 4*j + 1. Let q(p) = 9*k(p) - 4*x(p). Let g = 6 - 14. Let h = g + 8. What is q(h)?
-3
Suppose -7 = m - 2*a, -2*a + 1 = m - 4. Let n(q) be the first derivative of 2*q**2 - 6. Determine n(m).
-4
Let y(r) = r**3 + 8*r**2 + 2*r + 3. Let c be -5 + (-18)/(-6) + -6. Calculate y(c).
-13
Let v(l) = -3*l**3 + 8*l**2 - 6*l + 5. Let x(t) = -4*t**3 + 9*t**2 - 5*t + 4. Suppose 17 = -12*w - 7. Let m(c) = w*x(c) + 3*v(c). Determine m(5).
-8
Let w(d) = -d**3 + 8*d**2 + 3*d - 11. Let s(p) = -6*p**3 + 40*p**2 + 18*p - 56. Let b(y) = -2*s(y) + 11*w(y). Determine b(-8).
15
Let k(d) be the first derivative of d**4/4 - d**3/3 + d**2 - 4*d + 251. Give k(3).
20
Let l(v) = v**3 + 7*v**2 - 10*v + 7. Suppose -10*z = -12*z - 16. Give l(z).
23
Let w(o) be the first derivative of -o**2/2 + 5*o - 360. Give w(6).
-1
Let d = -126 + 6. Let a = -123 - d. Let k(f) = 2*f + 2. Give k(a).
-4
Suppose -5*u - a + 6*a = -75, 2*u + 5*a = 30. Let h be (-36)/u + 21/(-35). Let s(n) = -n**3 - 3*n**2 + 4*n + 2. Give s(h).
-10
Let a(v) = -v**3 + 5*v**2 - 1. Let h be -126*((-2)/6 - (-10)/(-60)). Let f = -58 + h. Give a(f).
-1
Let q = 3 - 3. Let w(l) = 11*l**2 - 3*l - 6. Let f(b) = -14*b**2 + 4*b + 7. Let r(u) = -4*f(u) - 5*w(u). What is r(q)?
2
Suppose 0 = 2*q + 3 + 47. Let x = -23 - q. Let n(f) = -2*f**2 + f**2 - x + 4. Calculate n(-2).
-2
Let w be 1/((-5)/(-2)*42/(-105)). Let t(g) = -14*g - 3. Calculate t(w).
11
Let p(x) = 5*x + 1. Let u be 12 + 0 - (3 + 1). Let n be 4/u*8 - 5. Let i be 0/(-19) + 1*n. What is p(i)?
-4
Let j(u) be the second derivative of u**5/24 - 5*u**4/24 + u**3/6 + 11*u**2/2 - 9*u + 3. Let q(h) be the second derivative of j(h). What is q(-4)?
-25
Let b be (3 - 2)*35/(-35). Let f(p) = p**3 - p + 3. Let r(o) = 2 + 2*o - 2*o - o. Let c(y) = 2*f(y) - 3*r(y). What is c(b)?
-3
Let z(p) = p**3 - 3*p**2 - 4*p + 8. Let u be z(4). Let r(a) = -a**3 + 8*a**2 - a + 6. Determine r(u).
-2
Let r(i) = 26*i - 6. Let p(h) = 5*h - 1. Let b be 13 - (-4)/(12/9). Suppose -4*a = -2*t + 6, 5*a + 17 + 13 = -5*t. Let d(f) = a*r(f) + b*p(f). Calculate d(3).
8
Suppose 9 = -r - 2*r + 4*a, 3*r + 5*a = -36. Let k(b) = -b**3 - 8*b**2 - 10*b - 5. What is k(r)?
16
Let w(b) be the second derivative of 0 - 1/2*b**4 + 22*b - 1/20*b**5 - 1/6*b**3 - 5/2*b**2. Calculate w(-6).
1
Suppose -b - 2*b = 0. Let c be (b + -12)/(-15 - -13). Let t(i) = -i**2 + 9*i. Let g(x) = -3*x**2 + 28*x - 1. Let k(a) = -2*g(a) + 7*t(a). Determine k(c).
8
Let s(x) = -x**3 - 7*x**2 - 5*x + 7. Let g be s(-6). Let c be (g - (-3)/3) + (-9 - -12). Let b(q) = -q**2 + 3*q - 5. Determine b(c).
-15
Let u be ((-30)/(-75))/(2*12/40). Let a(b) be the first derivative of 1/2*b**4 - 3/2*b**2 - 3*b - 6 + u*b**3. Determine a(-2).
-5
Let x(a) = a + 24. Let u be x(11). Let w(b) = -2 + u*b**2 - 19*b**2 + 5 - 17*b**2. Determine w(-4).
-13
Suppose 0*m = 3*m. Suppose m = -o - 0 + 3. Let t(g) = 2*g + o + 0*g - 7. What is t(6)?
8
Let t(m) = m - 14. Let y(r) = -1. Let z(w) = -2*t(w) + 14*y(w). Calculate z(0).
14
Suppose 3*u - 1 + 39 = 5*m, 2*m + u - 24 = 0. Let z(a) = 1 + 0 - 4*a + a**2 - m*a**3 + 4*a**3 + 3*a. Suppose -8 + 6 = -2*v. Calculate z(v).
-5
Suppose x = t, -8 = 7*t - 2*t - 3*x. Let l(p) = -p**3 + p**2 + p + 1. Let j(q) = -5*q**3 + 10*q**2 + 11*q - 3. Let f(i) = t*l(i) + j(i). Determine f(7).
-7
Let u be ((-12)/33)/(-2) + 1742/(-143). Let a(i) = -3*i - 29. Determine a(u).
7
Let f(r) = 33*r**2 - 8*r - 11. Let y(n) = 11*n**2 - 3*n - 4. Let u(s) = -3*f(s) + 8*y(s). Suppose -7*w + 7 = 5*w + 19. Determine u(w).
-10
Let z(o) = -o - 6. Let d(l) = -5*l**2 - 254*l + 47. Let x be d(-51). Calculate z(x).
-2
Let s(n) be the third derivative of -n**5/120 + n**4/24 + 2*n**3 - 9*n**2. Let r(t) be the first derivative of s(t). What is r(3)?
-2
Let w(f) = 96506*f + 1 - 96505*f + 3 - f**2. What is w(-3)?
-8
Let u(j) = 14*j + 7. Let o(f) = 20*f + 10. Let h(g) = 5*o(g) - 7*u(g). What is h(-7)?
-13
Let k(r) = -3*r - 12. Let f = -329 - -325. What is k(f)?
0
Let k(z) = -z**2 - 7*z + 9. Let r(w) be the second derivative of -w**3/3 - 20*w**2 + 9*w. Let s be r(-16). Calculate k(s).
1
Suppose 0 = -i + 2*i - 3. Suppose 2*h = v, 5*h + 4 = i*v + 2. Let r(a) = 3*a + a**2 + 8*a - v*a - 8 + 4. Determine r(-6).
-10
Let w(y) = y - 9. Let o(r) = -r**2 + 120*r - 236. Let f be o(2). Determine w(f).
-9
Suppose -4*a - 28 = -4*n - 0*n, 19 = 2*n - 3*a. Let c(j) = 524 - 265 - n*j - 260. Calculate c(-5).
9
Suppose 17 - 5 = 3*s. Let x(v) be the first derivative of v**4/4 - v**3 - 2*v**2 + 2*v - 34. What is x(s)?
2
Let u(a) = 20*a - 5*a**2 + 21*a + 13*a - 51*a + 2. Determine u(3).
-34
Let q(x) = 185*x - 369*x + 183*x - 2*x**2 - 15. Calculate q(0).
-15
Let x(v) be the first derivative of -v**4/12 - v**3/2 + 7*v**2/2 - 38*v - 13. Let r(h) be the first derivative of x(h). Determine r(-5).
-3
Let l(t) be the third derivative of t**5/20 - 7*t**4/12 - 3*t**3/2 + 339*t**2 + 2*t. Calculate l(5).
-4
Let m(g) = g**3 - g**2 - g + 1. Let v(r) be the second derivative of